ds digit of 73420658?
4
What is the tens digit of 3938887512?
1
What is the millions digit of 787080746?
7
What is the units digit of 63117249?
9
What is the ten thousands digit of 69326571?
2
What is the hundred millions digit of 141963280?
1
What is the ten millions digit of 2328488594?
2
What is the hundred thousands digit of 1877979583?
9
What is the hundred thousands digit of 8579934?
5
What is the hundreds digit of 4991882817?
8
What is the millions digit of 85850961?
5
What is the ten millions digit of 107731668?
0
What is the hundred thousands digit of 1622455740?
4
What is the hundred thousands digit of 60966920?
9
What is the hundreds digit of 517885602?
6
What is the millions digit of 61685842?
1
What is the hundred thousands digit of 5359438?
3
What is the ten thousands digit of 2611610976?
1
What is the ten thousands digit of 216504596?
0
What is the billions digit of 1187697947?
1
What is the tens digit of 4120468720?
2
What is the ten thousands digit of 406681389?
8
What is the ten thousands digit of 169077303?
7
What is the ten thousands digit of 65908069?
0
What is the ten thousands digit of 200859469?
5
What is the thousands digit of 1623344512?
4
What is the hundred thousands digit of 11592551?
5
What is the hundred millions digit of 4038585354?
0
What is the ten thousands digit of 2222699118?
9
What is the hundred millions digit of 3959618262?
9
What is the ten thousands digit of 228964299?
6
What is the hundreds digit of 150099790?
7
What is the thousands digit of 1997729442?
9
What is the ten millions digit of 382313848?
8
What is the millions digit of 953365971?
3
What is the millions digit of 81224587?
1
What is the tens digit of 3004906?
0
What is the hundred thousands digit of 3834563046?
5
What is the millions digit of 1945563800?
5
What is the units digit of 103363768?
8
What is the thousands digit of 94883838?
3
What is the billions digit of 2894730421?
2
What is the tens digit of 16100004?
0
What is the ten thousands digit of 343247783?
4
What is the millions digit of 1226282649?
6
What is the hundred millions digit of 247335307?
2
What is the thousands digit of 79153064?
3
What is the ten millions digit of 772782755?
7
What is the billions digit of 1699020446?
1
What is the ten millions digit of 96653289?
9
What is the ten millions digit of 723169285?
2
What is the tens digit of 473273962?
6
What is the tens digit of 118236939?
3
What is the hundred thousands digit of 78254850?
2
What is the hundred millions digit of 6100742336?
1
What is the millions digit of 24572360?
4
What is the units digit of 332141969?
9
What is the ten millions digit of 347893259?
4
What is the thousands digit of 1601978037?
8
What is the units digit of 60943803?
3
What is the thousands digit of 1991803170?
3
What is the ten millions digit of 3110784086?
1
What is the thousands digit of 2036877303?
7
What is the units digit of 120915762?
2
What is the units digit of 86473421?
1
What is the thousands digit of 20778822?
8
What is the tens digit of 1020942481?
8
What is the hundred thousands digit of 3510881615?
8
What is the hundred millions digit of 2571719922?
5
What is the billions digit of 1219156087?
1
What is the millions digit of 652015115?
2
What is the ten millions digit of 165288767?
6
What is the millions digit of 636179418?
6
What is the tens digit of 145470634?
3
What is the billions digit of 1305616714?
1
What is the hundred thousands digit of 77136686?
1
What is the hundred millions digit of 1378946546?
3
What is the ten millions digit of 1473510203?
7
What is the hundred millions digit of 179060013?
1
What is the hundred thousands digit of 497102552?
1
What is the thousands digit of 676892175?
2
What is the ten millions digit of 75228256?
7
What is the ten thousands digit of 1765385114?
8
What is the millions digit of 41028132?
1
What is the ten millions digit of 2172029682?
7
What is the hundred thousands digit of 54325343?
3
What is the thousands digit of 1836100494?
0
What is the ten thousands digit of 1287831594?
3
What is the hundred thousands digit of 75156202?
1
What is the tens digit of 1061711840?
4
What is the ten thousands digit of 1886907260?
0
What is the hundreds digit of 3553214911?
9
What is the hundreds digit of 237407275?
2
What is the millions digit of 180001729?
0
What is the units digit of 1066270199?
9
What is the hundred millions digit of 362233286?
3
What is the units digit of 48128787?
7
What is the hundred millions digit of 213365790?
2
What is the ten thousands digit of 37139273?
3
What is the thousands digit of 59358067?
8
What is the hundred millions digit of 765772717?
7
What is the hundreds digit of 63088332?
3
What is the ten thousands digit of 91912377?
1
What is the tens digit of 6918372306?
0
What is the units digit of 162797332?
2
What is the hundred thousands digit of 73022109?
0
What is the hundred thousands digit of 2019730404?
7
What is the hundreds digit of 14690955?
9
What is the millions digit of 80422431?
0
What is the ten thousands digit of 103372812?
7
What is the ten thousands digit of 41725344?
2
What is the units digit of 10728986?
6
What is the tens digit of 408271607?
0
What is the tens digit of 402024030?
3
What is the hundreds digit of 83635899?
8
What is the thousands digit of 72264750?
4
What is the tens digit of 73065779?
7
What is the millions digit of 302401308?
2
What is the ten thousands digit of 1821743899?
4
What is the units digit of 923916500?
0
What is the tens digit of 732982648?
4
What is the millions digit of 2332463304?
2
What is the tens digit of 33405820?
2
What is the ten millions digit of 2287617843?
8
What is the ten thousands digit of 763510646?
1
What is the hundreds digit of 2203432762?
7
What is the thousands digit of 44621021?
1
What is the units digit of 859281685?
5
What is the thousands digit of 3033428583?
8
What is the units digit of 185882495?
5
What is the hundred millions digit of 494471440?
4
What is the thousands digit of 315633412?
3
What is the hundred thousands digit of 308264352?
2
What is the ten thousands digit of 23823354?
2
What is the hundreds digit of 9596830?
8
What is the hundreds digit of 152665495?
4
What is the hundreds digit of 82432921?
9
What is the ten thousands digit of 50460010?
6
What is the hundreds digit of 1704437589?
5
What is the hundred thousands digit of 104968?
1
What is the ten millions digit of 766196817?
6
What is the millions digit of 21525742?
1
What is the hundreds digit of 145189372?
3
What is the hundred millions digit of 193675089?
1
What is the units digit of 1599781198?
8
What is the hundred millions digit of 198152610?
1
What is the ten thousands digit of 79764048?
6
What is the ten millions digit of 22654876?
2
What is the units digit of 398748066?
6
What is the hundred thousands digit of 102164889?
1
What is the hundred thousands digit of 35474795?
4
What is the thousands digit of 2193520457?
0
What is the hundreds digit of 658037553?
5
What is the hundreds digit of 221237274?
2
What is the ten millions digit of 58935295?
5
What is the hundred thousands digit of 857684167?
6
What is the hundred millions digit of 693945227?
6
What is the hundreds digit of 886946326?
3
What is the millions digit of 37773736?
7
What is the ten millions digit of 4304964744?
0
What is the thousands digit of 194808851?
8
What is the millions digit of 877146431?
7
What is the units digit of 12192847?
7
What is the tens digit of 611595438?
3
What is the ten thousands digit of 60388012?
8
What is the ten millions digit of 525005143?
2
What is the ten thousands digit of 1608118216?
1
What is the hundred millions digit of 749466523?
7
What is the hundred thousands digit of 13330888?
3
What is the ten millions digit of 2697443160?
9
What is the units digit of 87664302?
2
What is the hundred thousands digit of 81703460?
7
What is the hundred thousands digit of 61741736?
7
What is the ten millions digit of 468685879?
6
What is the ten millions digit of 2718903283?
1
What is the hundred thousands digit of 77061982?
0
What is the hundred millions digit of 1712713189?
7
What is the tens digit of 38621531?
3
What is the units digit of 162617623?
3
What is the tens digit of 55260548?
4
What is the hundred thousands digit of 